{"id":2,"date":"2015-11-02T17:52:32","date_gmt":"2015-11-02T16:52:32","guid":{"rendered":"http:\/\/isabellelassegue.com\/?page_id=2"},"modified":"2024-11-27T10:53:05","modified_gmt":"2024-11-27T09:53:05","slug":"astro-therapie-theme-natal-revolution-solaire-individuel-couple-relation-parent-enfant","status":"publish","type":"page","link":"https:\/\/isabellelassegue.com\/index.php\/astro-therapie-theme-natal-revolution-solaire-individuel-couple-relation-parent-enfant\/","title":{"rendered":"Astro th\u00e9rapie"},"content":{"rendered":"<p><i><a href=\"https:\/\/isabellelassegue.com\/wp-content\/uploads\/2015\/11\/les-\u00e9toiles-et-les-mages.jpg\"><img loading=\"lazy\" class=\" wp-image-75 aligncenter\" src=\"https:\/\/isabellelassegue.com\/wp-content\/uploads\/2015\/11\/les-\u00e9toiles-et-les-mages-296x300.jpg\" alt=\"les \u00e9toiles et les mages\" width=\"244\" height=\"247\" srcset=\"https:\/\/isabellelassegue.com\/wp-content\/uploads\/2015\/11\/les-\u00e9toiles-et-les-mages-296x300.jpg 296w, https:\/\/isabellelassegue.com\/wp-content\/uploads\/2015\/11\/les-\u00e9toiles-et-les-mages.jpg 600w\" sizes=\"(max-width: 244px) 100vw, 244px\" \/><\/a><\/i><\/p>\n<blockquote>\n<p style=\"text-align: center;\"><i>\u00ab\u00a0Les \u00e9toiles du firmament n&rsquo;agissent ni sur toi ni sur moi, mais bien celles en dedans de nous. <\/i><i>Le <\/i><i>ciel externe ne fait que r\u00e9v\u00e9ler et indiquer le ciel interne\u00a0\u00bb&nbsp; <\/i><i><br \/>\nParacelse<\/i><i>, 15\u00e8me si\u00e8cle<\/i><\/p>\n<\/blockquote>\n<p><strong>Qu\u2019est-ce que l\u2019astro th\u00e9rapie ?<\/strong><\/p>\n<p>L\u2019astro th\u00e9rapie est un accompagnement th\u00e9rapeutique qui utilise l\u2019<strong>astrologie<\/strong> comme outil de <strong>connaissance de soi<\/strong>.<\/p>\n<p>Les math\u00e9matiques d\u00e9crivent la r\u00e9alit\u00e9 physique, la mati\u00e8re, l\u00e0 o\u00f9 l\u2019astrologie d\u00e9crit le monde des sens, de la r\u00e9alit\u00e9 subjective, gr\u00e2ce \u00e0 une interpr\u00e9tation symbolique de la g\u00e9om\u00e9trie du ciel.<\/p>\n<p><em>L&rsquo;astro th\u00e9rapeute se sert des \u00e9toiles comme les nomades les utilisaient, comme un guide sur le chemin\u2026de vie, comme une mise en pratique, sans oublier que ce guide ne remplace jamais le chemin \u00e0 accomplir.<\/em><\/p>\n<p>Cet accompagnement invite \u00e0 prendre conscience de notre personnalit\u00e9, de notre potentialit\u00e9 et de notre libert\u00e9 de choisir la fa\u00e7on de percevoir et de vivre chaque moment de notre vie avec intensit\u00e9.<\/p>\n<p>Face \u00e0 la souffrance, aux conflits, aux diff\u00e9rents carrefours de vie, elle aide \u00e0 d\u00e9nouer les blocages profonds, \u00e0 s\u2019accorder \u00e0 ses propres rythmes.<\/p>\n<p>C\u2019est un voyage int\u00e9rieur, pour apprendre ou r\u00e9 apprendre \u00e0 vous \u00e9couter, vous respecter, vous aimer, discerner vos attentes et r\u00e9v\u00e9ler votre potentiel de sens et de cr\u00e9ation.<\/p>\n<p><strong>Les accompagnements en astro th\u00e9rapie :<\/strong><\/p>\n<p>Si vous avez d\u00e9j\u00e0 un suivi th\u00e9rapeutique ou ne souhaitez pas d\u2019accompagnement, je propose 4 types d\u2019interpr\u00e9tations astrologiques :<\/p>\n<ul>\n<li>Th\u00e8me natal&nbsp;ou interpr\u00e9tation astrale du th\u00e8me de naissance<\/li>\n<li>R\u00e9volution solaire&nbsp;ou interpr\u00e9tation astrale \u00e0 la date anniversaire de naissance<\/li>\n<li>Synastrie&nbsp;ou interpr\u00e9tation astrale d&rsquo;une relation<\/li>\n<li>Transits&nbsp;ou interpr\u00e9tation astrale d&rsquo;\u00e9v\u00e8nements ponctuels et leur sens en rapport avec votre personnalit\u00e9<\/li>\n<\/ul>\n<p>Pour aller au-del\u00e0 de l\u2019information, je propose une interpr\u00e9tation approfondie au cours de s\u00e9ances th\u00e9rapeutiques avec des temps de compr\u00e9hension, d\u2019int\u00e9gration, des diff\u00e9rentes parties abord\u00e9s selon les th\u00e8mes.<\/p>\n<p>Et pour tout suivi th\u00e9rapeutique, l\u2019outil astrologique est un pilier de r\u00e9f\u00e9rence \u00e0 tout accompagnement psychologique.<\/p>\n<p>Au cours des diff\u00e9rentes interpr\u00e9tations, un enregistrement audio, de ou des s\u00e9ances, est r\u00e9alis\u00e9 et vous est remis \u00e0 l\u2019issue.<\/p>\n<p><strong><u>1 \u2013 Le th\u00e8me natal ou interpr\u00e9tation astrologique du th\u00e8me de naissance<\/u><\/strong><\/p>\n<p>Nous abordons 3 points fondamentaux dans la connaissance de soi et ses propres ressources, pour sortir des zones les plus inconfortables et \u00e9voluer vers un chemin d&rsquo;\u00e9veil :<\/p>\n<ul>\n<li><u>La personnalit\u00e9<\/u> : ses points forts, les axes d\u2019am\u00e9lioration, l\u2019h\u00e9ritage des parents, conscients et inconscients<\/li>\n<li><u>Les blessures fondamentales de l\u2019enfance<\/u>: sources de manque de confiance et d&rsquo;estime de soi, et leurs accompagnements pour en gu\u00e9rir<\/li>\n<li><u>Le chemin de vie astrologique<\/u> : mettre en lumi\u00e8re notre filtre sur la vie en partant de notre vision du monde (karma) et en ouvrant la porte des potentialit\u00e9s, des opportunit\u00e9s d&rsquo;\u00e9volution, d&rsquo;\u00e9veil de conscience (dharma)<\/li>\n<\/ul>\n<p>Une interpr\u00e9tation astrologique approfondie, \u00e0 partir de la date, de l\u2019heure et du lieu de naissance: Dur\u00e9e de restitution (apr\u00e8s calculs et analyses) 1H30&nbsp;&nbsp; Tarif: 140\u20ac<\/p>\n<p><strong><u>2 \u2013 <\/u><\/strong><strong><u>R\u00e9volution solaire&nbsp;ou interpr\u00e9tation astrale \u00e0 la date anniversaire de naissance <\/u><\/strong><\/p>\n<p>Chaque ann\u00e9e au moment de notre anniversaire, et pendant une ann\u00e9e, la vie nous propose des enseignements comme pour nous mettre en phase avec le mouvement profond de notre \u00eatre. Les enjeux seront diff\u00e9rents selon notre th\u00e8me natal. Une interpr\u00e9tation des enjeux n\u2019est pas une pr\u00e9diction, mais une pr\u00e9paration de notre conscience.<\/p>\n<ul>\n<li><u>Les enjeux<\/u> du th\u00e8me annuel en rapport avec le th\u00e8me astral de naissance, ou comment nous donner les possibilit\u00e9s d\u2019une co-cr\u00e9ation de notre vie<\/li>\n<li><u>Les points de v\u00e9rification<\/u> des ma\u00eetrises acquises ou des cristallisations en cours pour \u00e9voluer sur notre chemin d\u2019\u00e9veil<\/li>\n<\/ul>\n<p>Une interpr\u00e9tation astrologique : Dur\u00e9e de restitution (apr\u00e8s calculs et analyses) 1H30&nbsp; Tarif : 110\u20ac<\/p>\n<p><strong><u>3-<\/u><\/strong><strong><u> Synastrie&nbsp;ou interpr\u00e9tation astrale d&rsquo;une relation<\/u><\/strong><\/p>\n<p>Toute relation \u00e0 l\u2019autre est un moyen de se r\u00e9v\u00e9ler \u00e0 soi-m\u00eame comme un miroir, et nous met face \u00e0 une opportunit\u00e9 d\u2019\u00e9voluer. Mais nous ne voyons pas toujours cette opportunit\u00e9.&nbsp; Nous passons le plus souvent par des frictions, des conflits, des crises&#8230;<\/p>\n<p>Gr\u00e2ce \u00e0 une analyse astrale de la relation nous pouvons faire ressortir les points forts, les points d\u2019am\u00e9lioration, et le sens profond de la relation (couple, amis, associ\u00e9s, collaboration,&#8230;).<\/p>\n<p>Une \u00e9tude relationnelle comporte 3 parties :<\/p>\n<ul>\n<li><u>l\u2019\u00e9tude de l&rsquo;entente relationnelle<\/u> (synastrie) : analyse de l\u2019interaction qui se joue entre les deux personnes concern\u00e9es, pour donner toutes les chances \u00e0 la relation de s&rsquo;\u00e9panouir au lieu de se laisser prendre par les jeux inconscients.<\/li>\n<li><u>l&rsquo;\u00e9tude des projections<\/u>: analyse des attentes de chaque personne dans les diff\u00e9rents secteurs de la vie qui peuvent \u00eatre compatibles ou g\u00e9n\u00e9rateur de frictions, de conflits.<\/li>\n<li><u>l\u2019\u00e9tude de la carte astrale de la relation<\/u> (th\u00e8me composite des deux personnes)&nbsp;: mettre en lumi\u00e8re les potentiels et le but \u00e9volutif de la relation, de l&rsquo;\u00e9gr\u00e9gore form\u00e9 par deux individus.<\/li>\n<\/ul>\n<p>Ce th\u00e8me est interpr\u00e9t\u00e9 en pr\u00e9sence du th\u00e9rapeute et des 2 personnes (qui doivent pour une plus grande efficacit\u00e9, avoir pr\u00e9alablement fait leur th\u00e8me astral de naissance).<\/p>\n<p>Une interpr\u00e9tation astrologique : Dur\u00e9e de restitution (apr\u00e8s calculs et analyses)&nbsp; Tarif : 180\u20ac pour les deux.<\/p>\n<p><strong><u>4-Transits&nbsp;ou interpr\u00e9tation astrale d&rsquo;\u00e9v\u00e8nements ponctuels et leur sens en rapport avec votre personnalit\u00e9<\/u><\/strong><\/p>\n<p>A tout moment dans notre vie, nous traversons des p\u00e9riodes plus ou moins faciles \u00e0 vivre. Nous nous posons des questions et nous ne trouvons pas toujours de r\u00e9ponses. Notre mental est en qu\u00eate tant qu\u2019il n\u2019a pas de r\u00e9ponses, il est pr\u00e9occup\u00e9&nbsp;!<\/p>\n<p>L\u2019astrologie permet de mettre du sens aux \u00e9v\u00e8nements, aux pens\u00e9es, aux ruminations, et ainsi calmer le mental et d\u00e9velopper nos prises de conscience.<\/p>\n<p><b>Dans tous les cas, lors d\u2019une <a href=\"_wp_link_placeholder\" data-wplink-edit=\"true\">s\u00e9ance de th\u00e9rapie<\/a>, l\u2019astrologie peut \u00eatre abord\u00e9e de <\/b><b>mani\u00e8re simple et accessible. Dur\u00e9e 1H30 Tarif 70\u20ac .<\/b><\/p>\n<blockquote>\n<p style=\"text-align: center;\">\u00ab\u00a0La clart\u00e9 ne na\u00eet pas de ce qu&rsquo;on imagine le clair, mais de ce qu&rsquo;on prend conscience de l&rsquo;obscur.&nbsp;\u00bb Jung<\/p>\n<\/blockquote>\n","protected":false},"excerpt":{"rendered":"<p>\u00ab\u00a0Les \u00e9toiles du firmament n&rsquo;agissent ni sur toi ni sur moi, mais bien celles en dedans de nous. Le ciel externe ne fait que r\u00e9v\u00e9ler et indiquer le ciel interne\u00a0\u00bb&nbsp; Paracelse, 15\u00e8me si\u00e8cle Qu\u2019est-ce que l\u2019astro th\u00e9rapie ? L\u2019astro th\u00e9rapie est un accompagnement th\u00e9rapeutique qui utilise l\u2019astrologie comme outil de connaissance de soi. Les math\u00e9matiques &hellip; <a href=\"https:\/\/isabellelassegue.com\/index.php\/astro-therapie-theme-natal-revolution-solaire-individuel-couple-relation-parent-enfant\/\" class=\"more-link\">Continuer la lecture de <span class=\"screen-reader-text\">Astro th\u00e9rapie<\/span> <span class=\"meta-nav\">&rarr;<\/span><\/a><\/p>\n","protected":false},"author":1,"featured_media":0,"parent":0,"menu_order":0,"comment_status":"closed","ping_status":"open","template":"","meta":[],"yoast_head":"<!-- This site is optimized with the Yoast SEO plugin v19.10 - https:\/\/yoast.com\/wordpress\/plugins\/seo\/ -->\n<title>Accompagnement th\u00e9rapeutique avec l&#039;astrologie relation \u00e0 soi<\/title>\n<meta name=\"description\" content=\"Astrologie, th\u00e9rapie accompagnement psychoth\u00e9rapie, interpr\u00e9tation carte du ciel th\u00e8me natal, r\u00e9volution solaire interpr\u00e9tation, transits, plan\u00e8tes, lune noire Lorient 56 Morbihan bretagne, \u00e0 distance accompagnement individuel couple parent enfant relation professionnelle perturbations \u00e9motionnelles\" \/>\n<meta name=\"robots\" content=\"index, follow, max-snippet:-1, max-image-preview:large, max-video-preview:-1\" \/>\n<link rel=\"canonical\" href=\"https:\/\/isabellelassegue.com\/index.php\/astro-therapie-theme-natal-revolution-solaire-individuel-couple-relation-parent-enfant\/\" \/>\n<meta property=\"og:locale\" content=\"fr_FR\" \/>\n<meta property=\"og:type\" content=\"article\" \/>\n<meta property=\"og:title\" content=\"Accompagnement th\u00e9rapeutique avec l&#039;astrologie relation \u00e0 soi\" \/>\n<meta property=\"og:description\" content=\"Astrologie, th\u00e9rapie accompagnement psychoth\u00e9rapie, interpr\u00e9tation carte du ciel th\u00e8me natal, r\u00e9volution solaire interpr\u00e9tation, transits, plan\u00e8tes, lune noire Lorient 56 Morbihan bretagne, \u00e0 distance accompagnement individuel couple parent enfant relation professionnelle perturbations \u00e9motionnelles\" \/>\n<meta property=\"og:url\" content=\"https:\/\/isabellelassegue.com\/index.php\/astro-therapie-theme-natal-revolution-solaire-individuel-couple-relation-parent-enfant\/\" \/>\n<meta property=\"og:site_name\" content=\"Isabelle Lass\u00e8gue Astroth\u00e9rapeute\" \/>\n<meta property=\"article:modified_time\" content=\"2024-11-27T09:53:05+00:00\" \/>\n<meta name=\"twitter:card\" content=\"summary_large_image\" \/>\n<meta name=\"twitter:label1\" content=\"Dur\u00e9e de lecture estim\u00e9e\" \/>\n\t<meta name=\"twitter:data1\" content=\"5 minutes\" \/>\n<script type=\"application\/ld+json\" class=\"yoast-schema-graph\">{\"@context\":\"https:\/\/schema.org\",\"@graph\":[{\"@type\":\"WebPage\",\"@id\":\"https:\/\/isabellelassegue.com\/index.php\/astro-therapie-theme-natal-revolution-solaire-individuel-couple-relation-parent-enfant\/\",\"url\":\"https:\/\/isabellelassegue.com\/index.php\/astro-therapie-theme-natal-revolution-solaire-individuel-couple-relation-parent-enfant\/\",\"name\":\"Accompagnement th\u00e9rapeutique avec l'astrologie relation \u00e0 soi\",\"isPartOf\":{\"@id\":\"https:\/\/isabellelassegue.com\/#website\"},\"datePublished\":\"2015-11-02T16:52:32+00:00\",\"dateModified\":\"2024-11-27T09:53:05+00:00\",\"description\":\"Astrologie, th\u00e9rapie accompagnement psychoth\u00e9rapie, interpr\u00e9tation carte du ciel th\u00e8me natal, r\u00e9volution solaire interpr\u00e9tation, transits, plan\u00e8tes, lune noire Lorient 56 Morbihan bretagne, \u00e0 distance accompagnement individuel couple parent enfant relation professionnelle perturbations \u00e9motionnelles\",\"breadcrumb\":{\"@id\":\"https:\/\/isabellelassegue.com\/index.php\/astro-therapie-theme-natal-revolution-solaire-individuel-couple-relation-parent-enfant\/#breadcrumb\"},\"inLanguage\":\"fr-FR\",\"potentialAction\":[{\"@type\":\"ReadAction\",\"target\":[\"https:\/\/isabellelassegue.com\/index.php\/astro-therapie-theme-natal-revolution-solaire-individuel-couple-relation-parent-enfant\/\"]}]},{\"@type\":\"BreadcrumbList\",\"@id\":\"https:\/\/isabellelassegue.com\/index.php\/astro-therapie-theme-natal-revolution-solaire-individuel-couple-relation-parent-enfant\/#breadcrumb\",\"itemListElement\":[{\"@type\":\"ListItem\",\"position\":1,\"name\":\"Accueil\",\"item\":\"https:\/\/isabellelassegue.com\/\"},{\"@type\":\"ListItem\",\"position\":2,\"name\":\"Astro th\u00e9rapie\"}]},{\"@type\":\"WebSite\",\"@id\":\"https:\/\/isabellelassegue.com\/#website\",\"url\":\"https:\/\/isabellelassegue.com\/\",\"name\":\"Isabelle Lass\u00e8gue Astroth\u00e9rapeute\",\"description\":\"Mettre du sens, Savourer son unique\",\"potentialAction\":[{\"@type\":\"SearchAction\",\"target\":{\"@type\":\"EntryPoint\",\"urlTemplate\":\"https:\/\/isabellelassegue.com\/?s={search_term_string}\"},\"query-input\":\"required name=search_term_string\"}],\"inLanguage\":\"fr-FR\"}]}<\/script>\n<!-- \/ Yoast SEO plugin. -->","yoast_head_json":{"title":"Accompagnement th\u00e9rapeutique avec l'astrologie relation \u00e0 soi","description":"Astrologie, th\u00e9rapie accompagnement psychoth\u00e9rapie, interpr\u00e9tation carte du ciel th\u00e8me natal, r\u00e9volution solaire interpr\u00e9tation, transits, plan\u00e8tes, lune noire Lorient 56 Morbihan bretagne, \u00e0 distance accompagnement individuel couple parent enfant relation professionnelle perturbations \u00e9motionnelles","robots":{"index":"index","follow":"follow","max-snippet":"max-snippet:-1","max-image-preview":"max-image-preview:large","max-video-preview":"max-video-preview:-1"},"canonical":"https:\/\/isabellelassegue.com\/index.php\/astro-therapie-theme-natal-revolution-solaire-individuel-couple-relation-parent-enfant\/","og_locale":"fr_FR","og_type":"article","og_title":"Accompagnement th\u00e9rapeutique avec l'astrologie relation \u00e0 soi","og_description":"Astrologie, th\u00e9rapie accompagnement psychoth\u00e9rapie, interpr\u00e9tation carte du ciel th\u00e8me natal, r\u00e9volution solaire interpr\u00e9tation, transits, plan\u00e8tes, lune noire Lorient 56 Morbihan bretagne, \u00e0 distance accompagnement individuel couple parent enfant relation professionnelle perturbations \u00e9motionnelles","og_url":"https:\/\/isabellelassegue.com\/index.php\/astro-therapie-theme-natal-revolution-solaire-individuel-couple-relation-parent-enfant\/","og_site_name":"Isabelle Lass\u00e8gue Astroth\u00e9rapeute","article_modified_time":"2024-11-27T09:53:05+00:00","twitter_card":"summary_large_image","twitter_misc":{"Dur\u00e9e de lecture estim\u00e9e":"5 minutes"},"schema":{"@context":"https:\/\/schema.org","@graph":[{"@type":"WebPage","@id":"https:\/\/isabellelassegue.com\/index.php\/astro-therapie-theme-natal-revolution-solaire-individuel-couple-relation-parent-enfant\/","url":"https:\/\/isabellelassegue.com\/index.php\/astro-therapie-theme-natal-revolution-solaire-individuel-couple-relation-parent-enfant\/","name":"Accompagnement th\u00e9rapeutique avec l'astrologie relation \u00e0 soi","isPartOf":{"@id":"https:\/\/isabellelassegue.com\/#website"},"datePublished":"2015-11-02T16:52:32+00:00","dateModified":"2024-11-27T09:53:05+00:00","description":"Astrologie, th\u00e9rapie accompagnement psychoth\u00e9rapie, interpr\u00e9tation carte du ciel th\u00e8me natal, r\u00e9volution solaire interpr\u00e9tation, transits, plan\u00e8tes, lune noire Lorient 56 Morbihan bretagne, \u00e0 distance accompagnement individuel couple parent enfant relation professionnelle perturbations \u00e9motionnelles","breadcrumb":{"@id":"https:\/\/isabellelassegue.com\/index.php\/astro-therapie-theme-natal-revolution-solaire-individuel-couple-relation-parent-enfant\/#breadcrumb"},"inLanguage":"fr-FR","potentialAction":[{"@type":"ReadAction","target":["https:\/\/isabellelassegue.com\/index.php\/astro-therapie-theme-natal-revolution-solaire-individuel-couple-relation-parent-enfant\/"]}]},{"@type":"BreadcrumbList","@id":"https:\/\/isabellelassegue.com\/index.php\/astro-therapie-theme-natal-revolution-solaire-individuel-couple-relation-parent-enfant\/#breadcrumb","itemListElement":[{"@type":"ListItem","position":1,"name":"Accueil","item":"https:\/\/isabellelassegue.com\/"},{"@type":"ListItem","position":2,"name":"Astro th\u00e9rapie"}]},{"@type":"WebSite","@id":"https:\/\/isabellelassegue.com\/#website","url":"https:\/\/isabellelassegue.com\/","name":"Isabelle Lass\u00e8gue Astroth\u00e9rapeute","description":"Mettre du sens, Savourer son unique","potentialAction":[{"@type":"SearchAction","target":{"@type":"EntryPoint","urlTemplate":"https:\/\/isabellelassegue.com\/?s={search_term_string}"},"query-input":"required name=search_term_string"}],"inLanguage":"fr-FR"}]}},"_links":{"self":[{"href":"https:\/\/isabellelassegue.com\/index.php\/wp-json\/wp\/v2\/pages\/2"}],"collection":[{"href":"https:\/\/isabellelassegue.com\/index.php\/wp-json\/wp\/v2\/pages"}],"about":[{"href":"https:\/\/isabellelassegue.com\/index.php\/wp-json\/wp\/v2\/types\/page"}],"author":[{"embeddable":true,"href":"https:\/\/isabellelassegue.com\/index.php\/wp-json\/wp\/v2\/users\/1"}],"replies":[{"embeddable":true,"href":"https:\/\/isabellelassegue.com\/index.php\/wp-json\/wp\/v2\/comments?post=2"}],"version-history":[{"count":16,"href":"https:\/\/isabellelassegue.com\/index.php\/wp-json\/wp\/v2\/pages\/2\/revisions"}],"predecessor-version":[{"id":961,"href":"https:\/\/isabellelassegue.com\/index.php\/wp-json\/wp\/v2\/pages\/2\/revisions\/961"}],"wp:attachment":[{"href":"https:\/\/isabellelassegue.com\/index.php\/wp-json\/wp\/v2\/media?parent=2"}],"curies":[{"name":"wp","href":"https:\/\/api.w.org\/{rel}","templated":true}]}}