{"id":44,"date":"2015-11-03T22:53:44","date_gmt":"2015-11-03T21:53:44","guid":{"rendered":"http:\/\/isabellelassegue.com\/?page_id=44"},"modified":"2024-01-29T09:11:26","modified_gmt":"2024-01-29T08:11:26","slug":"ateliers-de-groupe","status":"publish","type":"page","link":"https:\/\/isabellelassegue.com\/index.php\/ateliers-de-groupe\/","title":{"rendered":"Ateliers de groupe"},"content":{"rendered":"<p style=\"text-align: center;\"><a href=\"https:\/\/isabellelassegue.com\/wp-content\/uploads\/2015\/11\/les-equipes.jpg\"><img loading=\"lazy\" class=\"alignnone wp-image-213\" src=\"https:\/\/isabellelassegue.com\/wp-content\/uploads\/2015\/11\/les-equipes.jpg\" alt=\"les equipes\" width=\"244\" height=\"248\" \/><\/a><\/p>\n<blockquote>\n<p style=\"text-align: center;\"><i>\u00ab\u00a0Aucun de nous ne sait ce que nous savons tous ensemble\u00a0\u00bb<\/i><\/p>\n<p style=\"text-align: center;\">Euripide<\/p>\n<\/blockquote>\n<p style=\"text-align: left;\">Le groupe porte une dynamique que je vous propose de pratiquer et partager ensemble.<\/p>\n<p style=\"text-align: center;\"><strong><u><a href=\"https:\/\/isabellelassegue.com\/index.php\/constellation-systemique\/\" target=\"_blank\" rel=\"noopener\">Groupe de constellation familiale et syst\u00e9mique<\/a><\/u><\/strong><\/p>\n<p style=\"text-align: center;\"><a href=\"https:\/\/isabellelassegue.com\/wp-content\/uploads\/2015\/11\/famille.jpg\"><img loading=\"lazy\" class=\"alignnone  wp-image-765\" src=\"https:\/\/isabellelassegue.com\/wp-content\/uploads\/2015\/11\/famille.jpg\" alt=\"famille\" width=\"278\" height=\"192\" srcset=\"https:\/\/isabellelassegue.com\/wp-content\/uploads\/2015\/11\/famille.jpg 477w, https:\/\/isabellelassegue.com\/wp-content\/uploads\/2015\/11\/famille-300x207.jpg 300w\" sizes=\"(max-width: 278px) 100vw, 278px\" \/><\/a><\/p>\n<p style=\"text-align: left;\">Nous sommes li\u00e9s et d\u00e9pendants de syst\u00e8mes ; famille, travail, amis\u2026<\/p>\n<p style=\"text-align: left;\">Quand apparait un conflit, un probl\u00e8me, la constellation Familiale et Syst\u00e9mique r\u00e9v\u00e8le les forces qui relient les individus et les syst\u00e8mes entre eux.<\/p>\n<p style=\"text-align: left;\">Durant l\u2019atelier, qui se d\u00e9roule en journ\u00e9e, la ou le constell\u00e9.e*, personne qui d\u00e9sire poser une probl\u00e9matique, \u00e9nonce le probl\u00e8me. Elle ou il choisit des personnes du groupe et les place comme une projection dans l\u2019espace ext\u00e9rieur de l\u2019image int\u00e9rieure du syst\u00e8me \u00e0 repr\u00e9senter.<\/p>\n<p style=\"text-align: left;\">Cette image met en lumi\u00e8re ce qui est cach\u00e9 dans l\u2019inconscient personnel ou collectif.<br \/>\nTransform\u00e9e, la nouvelle repr\u00e9sentation r\u00e9v\u00e8le des solutions in\u00e9dites.<\/p>\n<p style=\"text-align: left;\">Une fois int\u00e9rioris\u00e9e, la constellation permet de retrouver force et dignit\u00e9.<\/p>\n<p style=\"text-align: left;\">Les \u00e9quipes retrouvent les ressources n\u00e9cessaires pour r\u00e9gler leurs conflits internes.<\/p>\n<p style=\"text-align: left;\">Les organisations ou les entreprises d\u00e9couvrent les moyens de mieux se structurer pour avancer vers leurs objectifs avec clart\u00e9 et efficacit\u00e9.<br \/>\nLa constellation Familiale et Syst\u00e9mique aide \u00e0 aimer sa vie, \u00e0 comprendre et acc\u00e9l\u00e9rer la gu\u00e9rison de ses maux, \u00e0 \u00eatre en paix avec ses parents, ses enfants et honorer ses anc\u00eatres . L\u2019utilisation des constellations dans le cadre du bien-\u00eatre et de la sant\u00e9 ouvre de nouvelles perspectives th\u00e9rapeutiques.<\/p>\n<p>Pour les inscriptions (places limit\u00e9es)\u00a0: 0663977824 &#8211; <a href=\"mailto:contact@isabellelassegue.com\">contact@isabellelassegue.com<\/a><\/p>\n<p><u><b><a href=\"https:\/\/isabellelassegue.com\/index.php\/157-2\/\" target=\"_blank\" rel=\"noopener\">Voir les prochaines dates d\u2019ateliers<\/a><\/b><\/u><\/p>\n<p>&#8212;&#8212;&#8212;&#8212;&#8212;&#8212;&#8212;&#8212;&#8212;&#8212;&#8212;&#8212;&#8212;&#8212;&#8212;&#8212;&#8212;&#8212;&#8212;&#8212;&#8212;&#8212;&#8212;&#8212;&#8212;&#8212;&#8212;&#8212;&#8212;&#8212;&#8212;&#8212;&#8212;-<\/p>\n<p style=\"text-align: center;\"><strong>GROUPE\u00a0 L\u2019ARGENT ET MOI \u2013 E (t) MOI<\/strong><\/p>\n<p><a href=\"https:\/\/isabellelassegue.com\/wp-content\/uploads\/2015\/11\/corne.jpg\"><img loading=\"lazy\" class=\"wp-image-760 aligncenter\" src=\"https:\/\/isabellelassegue.com\/wp-content\/uploads\/2015\/11\/corne.jpg\" alt=\"corne\" width=\"228\" height=\"247\" srcset=\"https:\/\/isabellelassegue.com\/wp-content\/uploads\/2015\/11\/corne.jpg 480w, https:\/\/isabellelassegue.com\/wp-content\/uploads\/2015\/11\/corne-277x300.jpg 277w\" sizes=\"(max-width: 228px) 100vw, 228px\" \/><\/a><\/p>\n<p>Stage de 4 jours (1j\/mois) pour 4 opportunit\u00e9s de cr\u00e9ation et de partage sur notre relation \u00e0 l\u2019argent\u2026.<\/p>\n<p>Pour accepter pleinement la grande aventure d\u2019\u00eatre soi\u00a0!<\/p>\n<table>\n<tbody>\n<tr>\n<td width=\"160\"><strong>Journ\u00e9e 1<\/strong><\/p>\n<p><strong>O\u00f9 j\u2019en suis\u00a0?<\/strong><\/td>\n<td width=\"151\"><a href=\"https:\/\/isabellelassegue.com\/wp-content\/uploads\/2015\/11\/Billet-nb.jpg\"><img loading=\"lazy\" class=\"alignnone size-full wp-image-761\" src=\"https:\/\/isabellelassegue.com\/wp-content\/uploads\/2015\/11\/Billet-nb.jpg\" alt=\"Billet nb\" width=\"500\" height=\"354\" srcset=\"https:\/\/isabellelassegue.com\/wp-content\/uploads\/2015\/11\/Billet-nb.jpg 500w, https:\/\/isabellelassegue.com\/wp-content\/uploads\/2015\/11\/Billet-nb-300x212.jpg 300w\" sizes=\"(max-width: 500px) 100vw, 500px\" \/><\/a><\/td>\n<td width=\"293\">Faire le bilan de ce que l\u2019argent provoque en nous et autour de nous. Comment nous abordons ce sujet, comment nous en parlons\u00a0? Comment L\u2019argent s\u2019invite dans votre vie\u00a0? Comment il se vit\u00a0?<\/td>\n<\/tr>\n<tr>\n<td width=\"160\"><strong>Journ\u00e9e 2<\/strong><\/p>\n<p><strong>D\u2019o\u00f9 cela vient\u00a0?<\/strong><\/td>\n<td width=\"151\"><a href=\"https:\/\/isabellelassegue.com\/wp-content\/uploads\/2015\/11\/les-mains-nb.jpg\"><img loading=\"lazy\" class=\"alignnone size-full wp-image-762\" src=\"https:\/\/isabellelassegue.com\/wp-content\/uploads\/2015\/11\/les-mains-nb.jpg\" alt=\"les mains nb\" width=\"236\" height=\"354\" srcset=\"https:\/\/isabellelassegue.com\/wp-content\/uploads\/2015\/11\/les-mains-nb.jpg 236w, https:\/\/isabellelassegue.com\/wp-content\/uploads\/2015\/11\/les-mains-nb-200x300.jpg 200w\" sizes=\"(max-width: 236px) 100vw, 236px\" \/><\/a><\/td>\n<td width=\"293\">Mettre de la conscience sur ce qui pourrait nous \u00ab\u00a0agir\u00a0\u00bb de mani\u00e8re consciente et surtout inconsciente, mettre en lumi\u00e8re des loyaut\u00e9s avec nos anc\u00eatres, nos croyances, qui pourraient nous limiter\u2026et nous en lib\u00e9rer\u00a0!<\/td>\n<\/tr>\n<tr>\n<td width=\"160\"><strong>Journ\u00e9e 3<\/strong><\/p>\n<p><strong>Qu\u2019est-ce que j\u2019en fais\u00a0?<\/strong><\/td>\n<td width=\"151\"><a href=\"https:\/\/isabellelassegue.com\/wp-content\/uploads\/2015\/11\/sc-remerciement.jpg\"><img loading=\"lazy\" class=\"alignnone size-full wp-image-763\" src=\"https:\/\/isabellelassegue.com\/wp-content\/uploads\/2015\/11\/sc-remerciement.jpg\" alt=\"sc-remerciement\" width=\"600\" height=\"400\" srcset=\"https:\/\/isabellelassegue.com\/wp-content\/uploads\/2015\/11\/sc-remerciement.jpg 600w, https:\/\/isabellelassegue.com\/wp-content\/uploads\/2015\/11\/sc-remerciement-300x200.jpg 300w\" sizes=\"(max-width: 600px) 100vw, 600px\" \/><\/a><\/td>\n<td width=\"293\">Et surtout remettre l\u2019Argent \u00e0 sa juste place, la vivre comme une \u00e9nergie de vie, un moyen au service de notre r\u00e9alisation, et non comme un but ou un emp\u00eacheur de.\u2026\u00catre sa propre source de richesse, \u00eatre acteur et actrice de sa valeur, et de celle que nous voulons mettre au monde\u2026<\/td>\n<\/tr>\n<\/tbody>\n<\/table>\n<p><strong>Une 4eme Journ\u00e9e est pr\u00e9vue sur le th\u00e8me\u00a0: Comment je vis cette nouvelle relation\u00a0? <\/strong>Pour accepter pleinement la grande aventure d\u2019\u00eatre soi\u00a0!<\/p>\n<p>En mettant mon expertise de 25 ans d\u2019ing\u00e9nieure (ing\u00e9nieuse) financi\u00e8re et des outils ludiques et\u00a0th\u00e9rapeutiques \u00e0 votre service\u2026<\/p>\n<p>Atelier de 10H \u00e0 17H avec partage du d\u00e9jeuner sur place.<\/p>\n<p>Pour les inscriptions (places limit\u00e9es)\u00a0: 0663977824 &#8211; <a href=\"mailto:contact@isabellelassegue.com\">contact@isabellelassegue.com<\/a><\/p>\n<p><u><b><a href=\"https:\/\/isabellelassegue.com\/index.php\/157-2\/\" target=\"_blank\" rel=\"noopener\">Voir les prochaines dates d\u2019ateliers<\/a><\/b><\/u><\/p>\n<p>&#8212;&#8212;&#8212;&#8212;&#8212;&#8212;&#8212;&#8212;&#8212;&#8212;&#8212;&#8212;&#8212;&#8212;&#8212;&#8212;&#8212;&#8212;&#8212;&#8212;&#8212;&#8212;&#8212;&#8212;&#8212;&#8212;&#8212;&#8212;&#8212;&#8212;&#8212;&#8212;&#8212;-<\/p>\n<p style=\"text-align: center;\"><a href=\"https:\/\/isabellelassegue.com\/index.php\/genogramme-transmission-familiales-constellation-repetition-genealogie-part-des-ancetres\/\"><strong>Atelier d\u2019approfondissement du g\u00e9nosociogramme et constellation familiale<\/strong>\u00a0<\/a><\/p>\n<p><a href=\"https:\/\/isabellelassegue.com\/wp-content\/uploads\/2021\/10\/Photo-psycho-il-e1645478271760.jpg\"><img loading=\"lazy\" class=\"alignnone  wp-image-798 aligncenter\" src=\"https:\/\/isabellelassegue.com\/wp-content\/uploads\/2021\/10\/Photo-psycho-il-e1645478271760.jpg\" alt=\"Photo psycho il\" width=\"178\" height=\"78\" \/><\/a><\/p>\n<p>Et si nos troubles \u201ccomm\u00e9moraient\u201d ou mettaient en lumi\u00e8re les faits marquants de la vie?<\/p>\n<p><strong><u>Principe<\/u><\/strong><\/p>\n<p><strong>L\u2019analyse des arbres g\u00e9n\u00e9alogiques<\/strong>, ou de toute autre archive familiale, permet de d\u00e9tecter des transmissions comportementales (maladies, sympt\u00f4mes, cauchemars ou \u00e9checs r\u00e9currents\u2026). Les conflits non r\u00e9solus et souffrances qui d\u00e9coulent de la vie de nos anc\u00eatres, ainsi que les non-dits et secrets de famille, rejailliraient ou se r\u00e9p\u00e9teraient sur plusieurs d\u00e9cennies.<\/p>\n<p>La compr\u00e9hension par l&rsquo;analyse de notre histoire familiale nous permet de comprendre plus clairement certains de ses propres comportements, ceux de ses parents et anc\u00eatres, et ainsi modifier ses propres comportements, pour limiter les r\u00e9p\u00e9titions dont il n&rsquo;avait pas conscience ou dont il avait l&rsquo;impression d&rsquo;\u00eatre prisonnier.<\/p>\n<p><strong><u>Origines<\/u><\/strong><\/p>\n<p><strong>L\u2019analyse de la g\u00e9n\u00e9alogie\u00a0<\/strong>d\u00e9velopp\u00e9e dans les ann\u00e9es 1970 par <strong>Anne Ancelin Sch\u00fctzenberger<\/strong> est une approche de la\u00a0<a href=\"http:\/\/www.methode-developpement-personnel.com\/psychologie\/psychotherapie.php\">psychologie et de la psychoth\u00e9rapie<\/a>. Elle consid\u00e8re que les \u00e9v\u00e9nements, traumatismes, secrets, conflits v\u00e9cus par les ascendants d&rsquo;une personne conditionneraient ses troubles psychologiques, ses maladies, et ses comportements \u00e9tranges ou inexplicables. Pour \u00e9laborer cette th\u00e8se, elle s&rsquo;est appuy\u00e9e sur ses observations, ainsi que sa connaissance de la psychanalyse et de l\u2019analyse syst\u00e9mique. Cette derni\u00e8re a surtout \u00e9t\u00e9 d\u00e9velopp\u00e9e par <strong>Bert Hellinger<\/strong> sous le nom de \u00ab\u00a0<strong>constellation familiale<\/strong>\u00a0\u00bb ou \u00ab\u00a0poser la famille dans l\u2019espace\u00a0\u00bb.<\/p>\n<p><strong><u>Objectifs de l\u2019atelier\u00a0:<\/u><\/strong><\/p>\n<p>A partir de vos exemples, nous apprendrons\u00a0:<\/p>\n<ul>\n<li>\u00e0 \u00e9laborer un \u00ab\u00a0g\u00e9nosociogramme\u00a0\u00bb, un arbre g\u00e9n\u00e9alogique constitu\u00e9 des faits marquants et des \u00e9v\u00e9nements importants, heureux ou malheureux, relev\u00e9s sur plusieurs g\u00e9n\u00e9rations.<\/li>\n<li>\u00e0 relever et clarifier les co\u00efncidences, rep\u00e9rer les r\u00e9p\u00e9titions et les \u00e9ventuelles cons\u00e9quences sur les g\u00e9n\u00e9rations.<\/li>\n<li>\u00e0 mettre en lumi\u00e8re les dynamiques familiales et d\u00e9nouer les sc\u00e9narios de vie pour les lib\u00e9rer dans le cadre d\u2019une pratique en individuelle.<\/li>\n<\/ul>\n<p><strong>Il s\u2019agit d\u2019un approfondissement d\u2019outils pour comprendre son histoire, qui vous aide \u00e0 comprendre vos propres sch\u00e9mas familiaux. Ce n&rsquo;est pas une formation certifiante, ni qualifiante garantissant une posture th\u00e9rapeutique. <\/strong><\/p>\n<p>(6 jours minimum)<\/p>\n<p>Places limit\u00e9es, sur inscription (70\u20ac l\u2019atelier de 10H \u00e0 17H environ sur Lorient &#8211; accueil 9H45)<\/p>\n<p>Pour les inscriptions (places limit\u00e9es)\u00a0: 0663977824 &#8211; <a href=\"mailto:contact@isabellelassegue.com\">contact@isabellelassegue.com<\/a><\/p>\n<p><u><b><a href=\"https:\/\/isabellelassegue.com\/index.php\/157-2\/\" target=\"_blank\" rel=\"noopener\">Voir les prochaines dates d\u2019ateliers<\/a><\/b><\/u><\/p>\n","protected":false},"excerpt":{"rendered":"<p>\u00ab\u00a0Aucun de nous ne sait ce que nous savons tous ensemble\u00a0\u00bb Euripide Le groupe porte une dynamique que je vous propose de pratiquer et partager ensemble. Groupe de constellation familiale et syst\u00e9mique Nous sommes li\u00e9s et d\u00e9pendants de syst\u00e8mes ; famille, travail, amis\u2026 Quand apparait un conflit, un probl\u00e8me, la constellation Familiale et Syst\u00e9mique r\u00e9v\u00e8le &hellip; <a href=\"https:\/\/isabellelassegue.com\/index.php\/ateliers-de-groupe\/\" class=\"more-link\">Continuer la lecture de <span class=\"screen-reader-text\">Ateliers de groupe<\/span> <span class=\"meta-nav\">&rarr;<\/span><\/a><\/p>\n","protected":false},"author":1,"featured_media":0,"parent":0,"menu_order":0,"comment_status":"closed","ping_status":"closed","template":"","meta":[],"yoast_head":"<!-- This site is optimized with the Yoast SEO plugin v19.10 - https:\/\/yoast.com\/wordpress\/plugins\/seo\/ -->\n<title>A - Isabelle Lass\u00e8gue Astroth\u00e9rapeute A<\/title>\n<meta name=\"description\" content=\"constellation familiale psycho g\u00e9n\u00e9alogie transg\u00e9n\u00e9rationnel g\u00e9nogramme g\u00e9no sociogramme liens familiaux m\u00e9moires familiales\" \/>\n<meta name=\"robots\" content=\"index, follow, max-snippet:-1, max-image-preview:large, max-video-preview:-1\" \/>\n<link rel=\"canonical\" href=\"https:\/\/isabellelassegue.com\/index.php\/ateliers-de-groupe\/\" \/>\n<meta property=\"og:locale\" content=\"fr_FR\" \/>\n<meta property=\"og:type\" content=\"article\" \/>\n<meta property=\"og:title\" content=\"A - Isabelle Lass\u00e8gue Astroth\u00e9rapeute A\" \/>\n<meta property=\"og:description\" content=\"constellation familiale psycho g\u00e9n\u00e9alogie transg\u00e9n\u00e9rationnel g\u00e9nogramme g\u00e9no sociogramme liens familiaux m\u00e9moires familiales\" \/>\n<meta property=\"og:url\" content=\"https:\/\/isabellelassegue.com\/index.php\/ateliers-de-groupe\/\" \/>\n<meta property=\"og:site_name\" content=\"Isabelle Lass\u00e8gue Astroth\u00e9rapeute\" \/>\n<meta property=\"article:modified_time\" content=\"2024-01-29T08:11:26+00:00\" \/>\n<meta property=\"og:image\" content=\"http:\/\/isabellelassegue.com\/wp-content\/uploads\/2015\/11\/les-equipes.jpg\" \/>\n<meta name=\"twitter:card\" content=\"summary_large_image\" \/>\n<meta name=\"twitter:label1\" content=\"Dur\u00e9e de lecture estim\u00e9e\" \/>\n\t<meta name=\"twitter:data1\" content=\"6 minutes\" \/>\n<script type=\"application\/ld+json\" class=\"yoast-schema-graph\">{\"@context\":\"https:\/\/schema.org\",\"@graph\":[{\"@type\":\"WebPage\",\"@id\":\"https:\/\/isabellelassegue.com\/index.php\/ateliers-de-groupe\/\",\"url\":\"https:\/\/isabellelassegue.com\/index.php\/ateliers-de-groupe\/\",\"name\":\"A - Isabelle Lass\u00e8gue Astroth\u00e9rapeute A\",\"isPartOf\":{\"@id\":\"https:\/\/isabellelassegue.com\/#website\"},\"datePublished\":\"2015-11-03T21:53:44+00:00\",\"dateModified\":\"2024-01-29T08:11:26+00:00\",\"description\":\"constellation familiale psycho g\u00e9n\u00e9alogie transg\u00e9n\u00e9rationnel g\u00e9nogramme g\u00e9no sociogramme liens familiaux m\u00e9moires familiales\",\"breadcrumb\":{\"@id\":\"https:\/\/isabellelassegue.com\/index.php\/ateliers-de-groupe\/#breadcrumb\"},\"inLanguage\":\"fr-FR\",\"potentialAction\":[{\"@type\":\"ReadAction\",\"target\":[\"https:\/\/isabellelassegue.com\/index.php\/ateliers-de-groupe\/\"]}]},{\"@type\":\"BreadcrumbList\",\"@id\":\"https:\/\/isabellelassegue.com\/index.php\/ateliers-de-groupe\/#breadcrumb\",\"itemListElement\":[{\"@type\":\"ListItem\",\"position\":1,\"name\":\"Accueil\",\"item\":\"https:\/\/isabellelassegue.com\/\"},{\"@type\":\"ListItem\",\"position\":2,\"name\":\"Ateliers de groupe\"}]},{\"@type\":\"WebSite\",\"@id\":\"https:\/\/isabellelassegue.com\/#website\",\"url\":\"https:\/\/isabellelassegue.com\/\",\"name\":\"Isabelle Lass\u00e8gue Astroth\u00e9rapeute\",\"description\":\"Mettre du sens, Savourer son unique\",\"potentialAction\":[{\"@type\":\"SearchAction\",\"target\":{\"@type\":\"EntryPoint\",\"urlTemplate\":\"https:\/\/isabellelassegue.com\/?s={search_term_string}\"},\"query-input\":\"required name=search_term_string\"}],\"inLanguage\":\"fr-FR\"}]}<\/script>\n<!-- \/ Yoast SEO plugin. -->","yoast_head_json":{"title":"A - Isabelle Lass\u00e8gue Astroth\u00e9rapeute A","description":"constellation familiale psycho g\u00e9n\u00e9alogie transg\u00e9n\u00e9rationnel g\u00e9nogramme g\u00e9no sociogramme liens familiaux m\u00e9moires familiales","robots":{"index":"index","follow":"follow","max-snippet":"max-snippet:-1","max-image-preview":"max-image-preview:large","max-video-preview":"max-video-preview:-1"},"canonical":"https:\/\/isabellelassegue.com\/index.php\/ateliers-de-groupe\/","og_locale":"fr_FR","og_type":"article","og_title":"A - Isabelle Lass\u00e8gue Astroth\u00e9rapeute A","og_description":"constellation familiale psycho g\u00e9n\u00e9alogie transg\u00e9n\u00e9rationnel g\u00e9nogramme g\u00e9no sociogramme liens familiaux m\u00e9moires familiales","og_url":"https:\/\/isabellelassegue.com\/index.php\/ateliers-de-groupe\/","og_site_name":"Isabelle Lass\u00e8gue Astroth\u00e9rapeute","article_modified_time":"2024-01-29T08:11:26+00:00","og_image":[{"url":"http:\/\/isabellelassegue.com\/wp-content\/uploads\/2015\/11\/les-equipes.jpg"}],"twitter_card":"summary_large_image","twitter_misc":{"Dur\u00e9e de lecture estim\u00e9e":"6 minutes"},"schema":{"@context":"https:\/\/schema.org","@graph":[{"@type":"WebPage","@id":"https:\/\/isabellelassegue.com\/index.php\/ateliers-de-groupe\/","url":"https:\/\/isabellelassegue.com\/index.php\/ateliers-de-groupe\/","name":"A - Isabelle Lass\u00e8gue Astroth\u00e9rapeute A","isPartOf":{"@id":"https:\/\/isabellelassegue.com\/#website"},"datePublished":"2015-11-03T21:53:44+00:00","dateModified":"2024-01-29T08:11:26+00:00","description":"constellation familiale psycho g\u00e9n\u00e9alogie transg\u00e9n\u00e9rationnel g\u00e9nogramme g\u00e9no sociogramme liens familiaux m\u00e9moires familiales","breadcrumb":{"@id":"https:\/\/isabellelassegue.com\/index.php\/ateliers-de-groupe\/#breadcrumb"},"inLanguage":"fr-FR","potentialAction":[{"@type":"ReadAction","target":["https:\/\/isabellelassegue.com\/index.php\/ateliers-de-groupe\/"]}]},{"@type":"BreadcrumbList","@id":"https:\/\/isabellelassegue.com\/index.php\/ateliers-de-groupe\/#breadcrumb","itemListElement":[{"@type":"ListItem","position":1,"name":"Accueil","item":"https:\/\/isabellelassegue.com\/"},{"@type":"ListItem","position":2,"name":"Ateliers de groupe"}]},{"@type":"WebSite","@id":"https:\/\/isabellelassegue.com\/#website","url":"https:\/\/isabellelassegue.com\/","name":"Isabelle Lass\u00e8gue Astroth\u00e9rapeute","description":"Mettre du sens, Savourer son unique","potentialAction":[{"@type":"SearchAction","target":{"@type":"EntryPoint","urlTemplate":"https:\/\/isabellelassegue.com\/?s={search_term_string}"},"query-input":"required name=search_term_string"}],"inLanguage":"fr-FR"}]}},"_links":{"self":[{"href":"https:\/\/isabellelassegue.com\/index.php\/wp-json\/wp\/v2\/pages\/44"}],"collection":[{"href":"https:\/\/isabellelassegue.com\/index.php\/wp-json\/wp\/v2\/pages"}],"about":[{"href":"https:\/\/isabellelassegue.com\/index.php\/wp-json\/wp\/v2\/types\/page"}],"author":[{"embeddable":true,"href":"https:\/\/isabellelassegue.com\/index.php\/wp-json\/wp\/v2\/users\/1"}],"replies":[{"embeddable":true,"href":"https:\/\/isabellelassegue.com\/index.php\/wp-json\/wp\/v2\/comments?post=44"}],"version-history":[{"count":23,"href":"https:\/\/isabellelassegue.com\/index.php\/wp-json\/wp\/v2\/pages\/44\/revisions"}],"predecessor-version":[{"id":963,"href":"https:\/\/isabellelassegue.com\/index.php\/wp-json\/wp\/v2\/pages\/44\/revisions\/963"}],"wp:attachment":[{"href":"https:\/\/isabellelassegue.com\/index.php\/wp-json\/wp\/v2\/media?parent=44"}],"curies":[{"name":"wp","href":"https:\/\/api.w.org\/{rel}","templated":true}]}}