{"id":60,"date":"2015-11-03T23:08:05","date_gmt":"2015-11-03T22:08:05","guid":{"rendered":"http:\/\/isabellelassegue.com\/?page_id=60"},"modified":"2024-01-29T09:05:09","modified_gmt":"2024-01-29T08:05:09","slug":"astrologie-interpretation-aide-psychologique-caoching-analyse-transgenerationnelle-theme-natal-revolution-solaire-therapie-perturbations-emotionnelles-hypnose","status":"publish","type":"page","link":"https:\/\/isabellelassegue.com\/","title":{"rendered":"Accueil"},"content":{"rendered":"<p style=\"text-align: center;\"><a href=\"https:\/\/isabellelassegue.com\/wp-content\/uploads\/2015\/11\/chemin-de-pierres.jpg\"><img loading=\"lazy\" class=\"wp-image-214 aligncenter\" src=\"https:\/\/isabellelassegue.com\/wp-content\/uploads\/2015\/11\/chemin-de-pierres-300x300.jpg\" alt=\"chemin de pierres\" width=\"244\" height=\"244\" srcset=\"https:\/\/isabellelassegue.com\/wp-content\/uploads\/2015\/11\/chemin-de-pierres-300x300.jpg 300w, https:\/\/isabellelassegue.com\/wp-content\/uploads\/2015\/11\/chemin-de-pierres-150x150.jpg 150w, https:\/\/isabellelassegue.com\/wp-content\/uploads\/2015\/11\/chemin-de-pierres.jpg 400w\" sizes=\"(max-width: 244px) 100vw, 244px\" \/><\/a>Bienvenu.e.s \u00e0 chacun et chacune !<\/p>\n<p style=\"text-align: center;\"><strong>P<\/strong><strong>our qu(o)i <\/strong><strong>une th\u00e9rapie ?<\/strong><\/p>\n<p style=\"text-align: left;\">A un moment donn\u00e9 de sa vie, nous pouvons nous rendre compte\u00a0 que notre rapport \u00e0 notre environnement change et nous en concluons souvent que plus rien ne va : notre boulot, notre couple, nos enfants, notre rapport aux autres, \u00e0 nous.<\/p>\n<p style=\"text-align: left;\">Une question revient sans cesse : \u00ab Est-ce moi ou les autres ? Qu\u2019est-ce qui se passe ? \u00bb<\/p>\n<p style=\"text-align: left;\">Nous pensons pouvoir r\u00e9gler les choses nous-m\u00eames ou que le temps finira par arranger les choses. On se dit : \u00ab c\u2019est pas grave, c\u2019est juste une crise, un m<span class=\"text_exposed_show\">auvais moment \u00e0 passer, il y a pire!\u00bb<br \/>\n<\/span><\/p>\n<p style=\"text-align: left;\"><span class=\"text_exposed_show\">Sauf que, \u00e7\u00e0 ne passe pas et s\u2019installe l\u2019impression que l\u2019on ne va pas s\u2019en sortir, que rien ne bouge, voire m\u00eame que l\u2019on r\u00e9gresse. <\/span><span class=\"text_exposed_show\">Nous nous sentons comme sous les cailloux !<br \/>\n<\/span><\/p>\n<p style=\"text-align: left;\"><span class=\"text_exposed_show\">Et pourquoi nous en sommes arriv\u00e9s l\u00e0 ? Pourquoi nous nous sentons si mal ?<\/span><\/p>\n<div class=\"text_exposed_show\">\n<p style=\"text-align: left;\">Parce que nous avons souvent tendance \u00e0 attendre que les autres bougent, que la solution est ext\u00e9rieure.<br \/>\nSeulement voil\u00e0, nous oublions que pour que le monde change, nous devons nous changer nous-m\u00eame. Entreprendre le changement en soi, cela passe in\u00e9vitablement par une remise en question, une prise de conscience, un d\u00e9sir d&rsquo;\u00e9voluer, de sortir de son mal-\u00eatre et<br \/>\nC\u2019est possible ! Quelques soient notre v\u00e9cu, <a href=\"https:\/\/isabellelassegue.com\/index.php\/genogramme-transmission-familiales-constellation-repetition-genealogie-part-des-ancetres\/\">notre famille<\/a>, notre environnement.<\/p>\n<p style=\"text-align: center;\"><a href=\"_wp_link_placeholder\" data-wplink-edit=\"true\">Mon m\u00e9tier<\/a> est d\u2019apprendre \u00e0 go\u00fbter le pr\u00e9cieux de sa vie,<\/p>\n<p style=\"text-align: center;\">\u00e0 savourer son unique!<\/p>\n<p style=\"text-align: center;\"><a href=\"https:\/\/isabellelassegue.com\/wp-content\/uploads\/2015\/11\/cairn-2.jpg\"><img loading=\"lazy\" class=\"alignnone wp-image-211\" src=\"https:\/\/isabellelassegue.com\/wp-content\/uploads\/2015\/11\/cairn-2-300x225.jpg\" alt=\"cairn 2\" width=\"244\" height=\"183\" \/><\/a><\/p>\n<\/div>\n","protected":false},"excerpt":{"rendered":"<p>Bienvenu.e.s \u00e0 chacun et chacune ! Pour qu(o)i une th\u00e9rapie ? A un moment donn\u00e9 de sa vie, nous pouvons nous rendre compte\u00a0 que notre rapport \u00e0 notre environnement change et nous en concluons souvent que plus rien ne va : notre boulot, notre couple, nos enfants, notre rapport aux autres, \u00e0 nous. Une question &hellip; <a href=\"https:\/\/isabellelassegue.com\/\" class=\"more-link\">Continuer la lecture de <span class=\"screen-reader-text\">Accueil<\/span> <span class=\"meta-nav\">&rarr;<\/span><\/a><\/p>\n","protected":false},"author":1,"featured_media":0,"parent":0,"menu_order":0,"comment_status":"closed","ping_status":"closed","template":"","meta":[],"yoast_head":"<!-- This site is optimized with the Yoast SEO plugin v19.10 - https:\/\/yoast.com\/wordpress\/plugins\/seo\/ -->\n<title>Isabelle-Lass\u00e8gue Astro th\u00e9rapeute Lorient 56 astrologie psycho genealogie constellation familiale<\/title>\n<meta name=\"description\" content=\"Une astrologie de la m\u00e9tamorphose, pour nous ouvrir \u00e0 un autre regard sur notre vie.\" \/>\n<meta name=\"robots\" content=\"index, follow, max-snippet:-1, max-image-preview:large, max-video-preview:-1\" \/>\n<link rel=\"canonical\" href=\"https:\/\/isabellelassegue.com\/\" \/>\n<meta property=\"og:locale\" content=\"fr_FR\" \/>\n<meta property=\"og:type\" content=\"article\" \/>\n<meta property=\"og:title\" content=\"Isabelle-Lass\u00e8gue Astro th\u00e9rapeute Lorient 56 astrologie psycho genealogie constellation familiale\" \/>\n<meta property=\"og:description\" content=\"Une astrologie de la m\u00e9tamorphose, pour nous ouvrir \u00e0 un autre regard sur notre vie.\" \/>\n<meta property=\"og:url\" content=\"https:\/\/isabellelassegue.com\/\" \/>\n<meta property=\"og:site_name\" content=\"Isabelle Lass\u00e8gue Astroth\u00e9rapeute\" \/>\n<meta property=\"article:modified_time\" content=\"2024-01-29T08:05:09+00:00\" \/>\n<meta property=\"og:image\" content=\"http:\/\/isabellelassegue.com\/wp-content\/uploads\/2015\/11\/chemin-de-pierres-300x300.jpg\" \/>\n<meta name=\"twitter:card\" content=\"summary_large_image\" \/>\n<meta name=\"twitter:label1\" content=\"Dur\u00e9e de lecture estim\u00e9e\" \/>\n\t<meta name=\"twitter:data1\" content=\"2 minutes\" \/>\n<script type=\"application\/ld+json\" class=\"yoast-schema-graph\">{\"@context\":\"https:\/\/schema.org\",\"@graph\":[{\"@type\":\"WebPage\",\"@id\":\"https:\/\/isabellelassegue.com\/\",\"url\":\"https:\/\/isabellelassegue.com\/\",\"name\":\"Isabelle-Lass\u00e8gue Astro th\u00e9rapeute Lorient 56 astrologie psycho genealogie constellation familiale\",\"isPartOf\":{\"@id\":\"https:\/\/isabellelassegue.com\/#website\"},\"datePublished\":\"2015-11-03T22:08:05+00:00\",\"dateModified\":\"2024-01-29T08:05:09+00:00\",\"description\":\"Une astrologie de la m\u00e9tamorphose, pour nous ouvrir \u00e0 un autre regard sur notre vie.\",\"breadcrumb\":{\"@id\":\"https:\/\/isabellelassegue.com\/#breadcrumb\"},\"inLanguage\":\"fr-FR\",\"potentialAction\":[{\"@type\":\"ReadAction\",\"target\":[\"https:\/\/isabellelassegue.com\/\"]}]},{\"@type\":\"BreadcrumbList\",\"@id\":\"https:\/\/isabellelassegue.com\/#breadcrumb\",\"itemListElement\":[{\"@type\":\"ListItem\",\"position\":1,\"name\":\"Accueil\",\"item\":\"https:\/\/isabellelassegue.com\/\"},{\"@type\":\"ListItem\",\"position\":2,\"name\":\"Accueil\"}]},{\"@type\":\"WebSite\",\"@id\":\"https:\/\/isabellelassegue.com\/#website\",\"url\":\"https:\/\/isabellelassegue.com\/\",\"name\":\"Isabelle Lass\u00e8gue Astroth\u00e9rapeute\",\"description\":\"Mettre du sens, Savourer son unique\",\"potentialAction\":[{\"@type\":\"SearchAction\",\"target\":{\"@type\":\"EntryPoint\",\"urlTemplate\":\"https:\/\/isabellelassegue.com\/?s={search_term_string}\"},\"query-input\":\"required name=search_term_string\"}],\"inLanguage\":\"fr-FR\"}]}<\/script>\n<!-- \/ Yoast SEO plugin. -->","yoast_head_json":{"title":"Isabelle-Lass\u00e8gue Astro th\u00e9rapeute Lorient 56 astrologie psycho genealogie constellation familiale","description":"Une astrologie de la m\u00e9tamorphose, pour nous ouvrir \u00e0 un autre regard sur notre vie.","robots":{"index":"index","follow":"follow","max-snippet":"max-snippet:-1","max-image-preview":"max-image-preview:large","max-video-preview":"max-video-preview:-1"},"canonical":"https:\/\/isabellelassegue.com\/","og_locale":"fr_FR","og_type":"article","og_title":"Isabelle-Lass\u00e8gue Astro th\u00e9rapeute Lorient 56 astrologie psycho genealogie constellation familiale","og_description":"Une astrologie de la m\u00e9tamorphose, pour nous ouvrir \u00e0 un autre regard sur notre vie.","og_url":"https:\/\/isabellelassegue.com\/","og_site_name":"Isabelle Lass\u00e8gue Astroth\u00e9rapeute","article_modified_time":"2024-01-29T08:05:09+00:00","og_image":[{"url":"http:\/\/isabellelassegue.com\/wp-content\/uploads\/2015\/11\/chemin-de-pierres-300x300.jpg"}],"twitter_card":"summary_large_image","twitter_misc":{"Dur\u00e9e de lecture estim\u00e9e":"2 minutes"},"schema":{"@context":"https:\/\/schema.org","@graph":[{"@type":"WebPage","@id":"https:\/\/isabellelassegue.com\/","url":"https:\/\/isabellelassegue.com\/","name":"Isabelle-Lass\u00e8gue Astro th\u00e9rapeute Lorient 56 astrologie psycho genealogie constellation familiale","isPartOf":{"@id":"https:\/\/isabellelassegue.com\/#website"},"datePublished":"2015-11-03T22:08:05+00:00","dateModified":"2024-01-29T08:05:09+00:00","description":"Une astrologie de la m\u00e9tamorphose, pour nous ouvrir \u00e0 un autre regard sur notre vie.","breadcrumb":{"@id":"https:\/\/isabellelassegue.com\/#breadcrumb"},"inLanguage":"fr-FR","potentialAction":[{"@type":"ReadAction","target":["https:\/\/isabellelassegue.com\/"]}]},{"@type":"BreadcrumbList","@id":"https:\/\/isabellelassegue.com\/#breadcrumb","itemListElement":[{"@type":"ListItem","position":1,"name":"Accueil","item":"https:\/\/isabellelassegue.com\/"},{"@type":"ListItem","position":2,"name":"Accueil"}]},{"@type":"WebSite","@id":"https:\/\/isabellelassegue.com\/#website","url":"https:\/\/isabellelassegue.com\/","name":"Isabelle Lass\u00e8gue Astroth\u00e9rapeute","description":"Mettre du sens, Savourer son unique","potentialAction":[{"@type":"SearchAction","target":{"@type":"EntryPoint","urlTemplate":"https:\/\/isabellelassegue.com\/?s={search_term_string}"},"query-input":"required name=search_term_string"}],"inLanguage":"fr-FR"}]}},"_links":{"self":[{"href":"https:\/\/isabellelassegue.com\/index.php\/wp-json\/wp\/v2\/pages\/60"}],"collection":[{"href":"https:\/\/isabellelassegue.com\/index.php\/wp-json\/wp\/v2\/pages"}],"about":[{"href":"https:\/\/isabellelassegue.com\/index.php\/wp-json\/wp\/v2\/types\/page"}],"author":[{"embeddable":true,"href":"https:\/\/isabellelassegue.com\/index.php\/wp-json\/wp\/v2\/users\/1"}],"replies":[{"embeddable":true,"href":"https:\/\/isabellelassegue.com\/index.php\/wp-json\/wp\/v2\/comments?post=60"}],"version-history":[{"count":22,"href":"https:\/\/isabellelassegue.com\/index.php\/wp-json\/wp\/v2\/pages\/60\/revisions"}],"predecessor-version":[{"id":959,"href":"https:\/\/isabellelassegue.com\/index.php\/wp-json\/wp\/v2\/pages\/60\/revisions\/959"}],"wp:attachment":[{"href":"https:\/\/isabellelassegue.com\/index.php\/wp-json\/wp\/v2\/media?parent=60"}],"curies":[{"name":"wp","href":"https:\/\/api.w.org\/{rel}","templated":true}]}}